{"id":2,"date":"2017-09-06T16:26:20","date_gmt":"2017-09-06T14:26:20","guid":{"rendered":"http:\/\/concept-345.fr\/?page_id=2"},"modified":"2017-09-15T13:29:08","modified_gmt":"2017-09-15T11:29:08","slug":"mini-taille","status":"publish","type":"page","link":"https:\/\/concept-345.fr\/index.php\/mini-taille\/","title":{"rendered":"MINI&#8217;TAILLE"},"content":{"rendered":"<p align=\"CENTER\"><span style=\"color: #ffffff;\"><b>La machine d\u2019atelier 5 axes pour les artisans charpentiers<\/b><\/span><\/p>\n<p align=\"CENTER\"><img decoding=\"async\" loading=\"lazy\" class=\"aligncenter wp-image-412\" src=\"https:\/\/concept-345.fr\/wp-content\/uploads\/2017\/09\/20160929_094400-e1504862710264-300x68.jpg\" alt=\"\" width=\"803\" height=\"182\" srcset=\"https:\/\/concept-345.fr\/wp-content\/uploads\/2017\/09\/20160929_094400-e1504862710264-300x68.jpg 300w, https:\/\/concept-345.fr\/wp-content\/uploads\/2017\/09\/20160929_094400-e1504862710264-768x173.jpg 768w, https:\/\/concept-345.fr\/wp-content\/uploads\/2017\/09\/20160929_094400-e1504862710264-1024x231.jpg 1024w\" sizes=\"(max-width: 803px) 100vw, 803px\" \/><\/p>\n<p align=\"CENTER\"><img decoding=\"async\" loading=\"lazy\" class=\"alignnone size-medium wp-image-37\" src=\"https:\/\/concept-345.fr\/wp-content\/uploads\/2017\/09\/minitaille-300x22.png\" alt=\"\" width=\"300\" height=\"22\" srcset=\"https:\/\/concept-345.fr\/wp-content\/uploads\/2017\/09\/minitaille-300x22.png 300w, https:\/\/concept-345.fr\/wp-content\/uploads\/2017\/09\/minitaille-230x17.png 230w, https:\/\/concept-345.fr\/wp-content\/uploads\/2017\/09\/minitaille-350x26.png 350w, https:\/\/concept-345.fr\/wp-content\/uploads\/2017\/09\/minitaille-480x36.png 480w, https:\/\/concept-345.fr\/wp-content\/uploads\/2017\/09\/minitaille.png 500w\" sizes=\"(max-width: 300px) 100vw, 300px\" \/><\/p>\n<p style=\"text-align: center;\"><span style=\"color: #ffffff;\">Une machine polyvalente, simple d\u2019utilisation avec un encombrement minimes et un prix r\u00e9duit.<\/span><\/p>\n<p><span style=\"color: #ffffff;\">La MINI\u2019TAILLE a \u00e9t\u00e9 con\u00e7ues pour les artisans charpentiers afin de leur permettre d\u2019acc\u00e9der \u00e0 la taille num\u00e9rique en leur proposant une machine avec un encombrement minime et un prix r\u00e9duit.<\/span><\/p>\n<p><span style=\"color: #ffffff;\">La particularit\u00e9 de cette machine, est qu\u2019elle ne comporte pas d\u2019agr\u00e9gat scie. Pour cette raison tous les bois doivent \u00eatre pr\u00e9-d\u00e9bit\u00e9s en amont pour pouvoir \u00eatre introduit dans la machine.<\/span><\/p>\n<p><span style=\"color: #ffffff;\">Cependant cette machine comporte le m\u00eame syst\u00e8me brevet\u00e9 5 axes que les autres mod\u00e8les FLEXI\u2019TAILLE et MAXI\u2019TAILLE, ce qui lui permet de toujours garder une grande polyvalence d\u2019usinage afin d\u2019effectuer les coupes simple, angulaires et d\u2019empannons (avec une fraise dites \u00ab\u00a0bouffe-tout) et bien s\u00fbr tous les usinages n\u00e9cessaires \u00e0 la construction bois telles que les queues d\u2019arondes simple, d\u2019angles et d\u2019empannons par exemple.<\/span><\/p>\n<p><span style=\"color: #ffffff;\">Charpente traditionnelle &#8211; maison poteau-poutres &#8211; maison ossature bois &#8211; am\u00e9nagement int\u00e9rieur\/ext\u00e9rieur<\/span><\/p>\n<p><img decoding=\"async\" loading=\"lazy\" class=\"alignnone size-medium wp-image-480\" src=\"https:\/\/concept-345.fr\/wp-content\/uploads\/2017\/09\/20160915_170835-300x225.jpg\" alt=\"\" width=\"300\" height=\"225\" srcset=\"https:\/\/concept-345.fr\/wp-content\/uploads\/2017\/09\/20160915_170835-300x225.jpg 300w, https:\/\/concept-345.fr\/wp-content\/uploads\/2017\/09\/20160915_170835-768x576.jpg 768w, https:\/\/concept-345.fr\/wp-content\/uploads\/2017\/09\/20160915_170835-1024x768.jpg 1024w\" sizes=\"(max-width: 300px) 100vw, 300px\" \/><img decoding=\"async\" loading=\"lazy\" class=\"alignnone size-medium wp-image-486\" src=\"https:\/\/concept-345.fr\/wp-content\/uploads\/2017\/09\/20160924_095643-300x225.jpg\" alt=\"\" width=\"300\" height=\"225\" srcset=\"https:\/\/concept-345.fr\/wp-content\/uploads\/2017\/09\/20160924_095643-300x225.jpg 300w, https:\/\/concept-345.fr\/wp-content\/uploads\/2017\/09\/20160924_095643-768x576.jpg 768w, https:\/\/concept-345.fr\/wp-content\/uploads\/2017\/09\/20160924_095643-1024x768.jpg 1024w\" sizes=\"(max-width: 300px) 100vw, 300px\" \/><img decoding=\"async\" loading=\"lazy\" class=\"alignnone size-medium wp-image-487\" src=\"https:\/\/concept-345.fr\/wp-content\/uploads\/2017\/09\/20160926_094701-300x225.jpg\" alt=\"\" width=\"300\" height=\"225\" srcset=\"https:\/\/concept-345.fr\/wp-content\/uploads\/2017\/09\/20160926_094701-300x225.jpg 300w, https:\/\/concept-345.fr\/wp-content\/uploads\/2017\/09\/20160926_094701-768x576.jpg 768w, https:\/\/concept-345.fr\/wp-content\/uploads\/2017\/09\/20160926_094701-1024x768.jpg 1024w\" sizes=\"(max-width: 300px) 100vw, 300px\" \/><\/p>\n","protected":false},"excerpt":{"rendered":"<p>La machine d\u2019atelier 5 axes pour les artisans charpentiers Une machine polyvalente, simple d\u2019utilisation avec un encombrement minimes et un prix r\u00e9duit. La MINI\u2019TAILLE a \u00e9t\u00e9 con\u00e7ues pour les artisans charpentiers afin de leur permettre d\u2019acc\u00e9der \u00e0 la taille num\u00e9rique en leur proposant une machine avec un encombrement minime et un prix r\u00e9duit. La particularit\u00e9<span class=\"read-more-wrap\"><a class=\"moretag\" href=\"https:\/\/concept-345.fr\/index.php\/mini-taille\/\">Lire la suite<span class=\"screen-reader-text\">MINI&#8217;TAILLE<\/span><\/a><\/span><\/p>\n","protected":false},"author":1,"featured_media":0,"parent":0,"menu_order":0,"comment_status":"closed","ping_status":"open","template":"","meta":{"_mi_skip_tracking":false},"simple-restrict-permission":[],"yoast_head":"<!-- This site is optimized with the Yoast SEO plugin v19.14 - https:\/\/yoast.com\/wordpress\/plugins\/seo\/ -->\n<title>MINI&#039;TAILLE - CONCEPT345<\/title>\n<meta name=\"robots\" content=\"index, follow, max-snippet:-1, max-image-preview:large, max-video-preview:-1\" \/>\n<link rel=\"canonical\" href=\"https:\/\/concept-345.fr\/index.php\/mini-taille\/\" \/>\n<meta property=\"og:locale\" content=\"fr_FR\" \/>\n<meta property=\"og:type\" content=\"article\" \/>\n<meta property=\"og:title\" content=\"MINI&#039;TAILLE - CONCEPT345\" \/>\n<meta property=\"og:description\" content=\"La machine d\u2019atelier 5 axes pour les artisans charpentiers Une machine polyvalente, simple d\u2019utilisation avec un encombrement minimes et un prix r\u00e9duit. La MINI\u2019TAILLE a \u00e9t\u00e9 con\u00e7ues pour les artisans charpentiers afin de leur permettre d\u2019acc\u00e9der \u00e0 la taille num\u00e9rique en leur proposant une machine avec un encombrement minime et un prix r\u00e9duit. La particularit\u00e9Lire la suiteMINI&#8217;TAILLE\" \/>\n<meta property=\"og:url\" content=\"https:\/\/concept-345.fr\/index.php\/mini-taille\/\" \/>\n<meta property=\"og:site_name\" content=\"CONCEPT345\" \/>\n<meta property=\"article:modified_time\" content=\"2017-09-15T11:29:08+00:00\" \/>\n<meta property=\"og:image\" content=\"http:\/\/concept-345.fr\/wp-content\/uploads\/2017\/09\/20160929_094400-e1504862710264-300x68.jpg\" \/>\n<meta name=\"twitter:card\" content=\"summary_large_image\" \/>\n<meta name=\"twitter:label1\" content=\"Dur\u00e9e de lecture estim\u00e9e\" \/>\n\t<meta name=\"twitter:data1\" content=\"1 minute\" \/>\n<script type=\"application\/ld+json\" class=\"yoast-schema-graph\">{\"@context\":\"https:\/\/schema.org\",\"@graph\":[{\"@type\":\"WebPage\",\"@id\":\"https:\/\/concept-345.fr\/index.php\/mini-taille\/\",\"url\":\"https:\/\/concept-345.fr\/index.php\/mini-taille\/\",\"name\":\"MINI'TAILLE - CONCEPT345\",\"isPartOf\":{\"@id\":\"https:\/\/concept-345.fr\/#website\"},\"datePublished\":\"2017-09-06T14:26:20+00:00\",\"dateModified\":\"2017-09-15T11:29:08+00:00\",\"breadcrumb\":{\"@id\":\"https:\/\/concept-345.fr\/index.php\/mini-taille\/#breadcrumb\"},\"inLanguage\":\"fr-FR\",\"potentialAction\":[{\"@type\":\"ReadAction\",\"target\":[\"https:\/\/concept-345.fr\/index.php\/mini-taille\/\"]}]},{\"@type\":\"BreadcrumbList\",\"@id\":\"https:\/\/concept-345.fr\/index.php\/mini-taille\/#breadcrumb\",\"itemListElement\":[{\"@type\":\"ListItem\",\"position\":1,\"name\":\"Accueil\",\"item\":\"https:\/\/concept-345.fr\/\"},{\"@type\":\"ListItem\",\"position\":2,\"name\":\"MINI&#8217;TAILLE\"}]},{\"@type\":\"WebSite\",\"@id\":\"https:\/\/concept-345.fr\/#website\",\"url\":\"https:\/\/concept-345.fr\/\",\"name\":\"CONCEPT345\",\"description\":\"FABRICANT FRAN\u00c7AIS DE CENTRE D&#039;USINAGE DE CHARPENTE BOIS\",\"potentialAction\":[{\"@type\":\"SearchAction\",\"target\":{\"@type\":\"EntryPoint\",\"urlTemplate\":\"https:\/\/concept-345.fr\/?s={search_term_string}\"},\"query-input\":\"required name=search_term_string\"}],\"inLanguage\":\"fr-FR\"}]}<\/script>\n<!-- \/ Yoast SEO plugin. -->","yoast_head_json":{"title":"MINI'TAILLE - CONCEPT345","robots":{"index":"index","follow":"follow","max-snippet":"max-snippet:-1","max-image-preview":"max-image-preview:large","max-video-preview":"max-video-preview:-1"},"canonical":"https:\/\/concept-345.fr\/index.php\/mini-taille\/","og_locale":"fr_FR","og_type":"article","og_title":"MINI'TAILLE - CONCEPT345","og_description":"La machine d\u2019atelier 5 axes pour les artisans charpentiers Une machine polyvalente, simple d\u2019utilisation avec un encombrement minimes et un prix r\u00e9duit. La MINI\u2019TAILLE a \u00e9t\u00e9 con\u00e7ues pour les artisans charpentiers afin de leur permettre d\u2019acc\u00e9der \u00e0 la taille num\u00e9rique en leur proposant une machine avec un encombrement minime et un prix r\u00e9duit. La particularit\u00e9Lire la suiteMINI&#8217;TAILLE","og_url":"https:\/\/concept-345.fr\/index.php\/mini-taille\/","og_site_name":"CONCEPT345","article_modified_time":"2017-09-15T11:29:08+00:00","og_image":[{"url":"http:\/\/concept-345.fr\/wp-content\/uploads\/2017\/09\/20160929_094400-e1504862710264-300x68.jpg"}],"twitter_card":"summary_large_image","twitter_misc":{"Dur\u00e9e de lecture estim\u00e9e":"1 minute"},"schema":{"@context":"https:\/\/schema.org","@graph":[{"@type":"WebPage","@id":"https:\/\/concept-345.fr\/index.php\/mini-taille\/","url":"https:\/\/concept-345.fr\/index.php\/mini-taille\/","name":"MINI'TAILLE - CONCEPT345","isPartOf":{"@id":"https:\/\/concept-345.fr\/#website"},"datePublished":"2017-09-06T14:26:20+00:00","dateModified":"2017-09-15T11:29:08+00:00","breadcrumb":{"@id":"https:\/\/concept-345.fr\/index.php\/mini-taille\/#breadcrumb"},"inLanguage":"fr-FR","potentialAction":[{"@type":"ReadAction","target":["https:\/\/concept-345.fr\/index.php\/mini-taille\/"]}]},{"@type":"BreadcrumbList","@id":"https:\/\/concept-345.fr\/index.php\/mini-taille\/#breadcrumb","itemListElement":[{"@type":"ListItem","position":1,"name":"Accueil","item":"https:\/\/concept-345.fr\/"},{"@type":"ListItem","position":2,"name":"MINI&#8217;TAILLE"}]},{"@type":"WebSite","@id":"https:\/\/concept-345.fr\/#website","url":"https:\/\/concept-345.fr\/","name":"CONCEPT345","description":"FABRICANT FRAN\u00c7AIS DE CENTRE D&#039;USINAGE DE CHARPENTE BOIS","potentialAction":[{"@type":"SearchAction","target":{"@type":"EntryPoint","urlTemplate":"https:\/\/concept-345.fr\/?s={search_term_string}"},"query-input":"required name=search_term_string"}],"inLanguage":"fr-FR"}]}},"_links":{"self":[{"href":"https:\/\/concept-345.fr\/index.php\/wp-json\/wp\/v2\/pages\/2"}],"collection":[{"href":"https:\/\/concept-345.fr\/index.php\/wp-json\/wp\/v2\/pages"}],"about":[{"href":"https:\/\/concept-345.fr\/index.php\/wp-json\/wp\/v2\/types\/page"}],"author":[{"embeddable":true,"href":"https:\/\/concept-345.fr\/index.php\/wp-json\/wp\/v2\/users\/1"}],"replies":[{"embeddable":true,"href":"https:\/\/concept-345.fr\/index.php\/wp-json\/wp\/v2\/comments?post=2"}],"version-history":[{"count":28,"href":"https:\/\/concept-345.fr\/index.php\/wp-json\/wp\/v2\/pages\/2\/revisions"}],"predecessor-version":[{"id":723,"href":"https:\/\/concept-345.fr\/index.php\/wp-json\/wp\/v2\/pages\/2\/revisions\/723"}],"wp:attachment":[{"href":"https:\/\/concept-345.fr\/index.php\/wp-json\/wp\/v2\/media?parent=2"}],"wp:term":[{"taxonomy":"simple-restrict-permission","embeddable":true,"href":"https:\/\/concept-345.fr\/index.php\/wp-json\/wp\/v2\/simple-restrict-permission?post=2"}],"curies":[{"name":"wp","href":"https:\/\/api.w.org\/{rel}","templated":true}]}}