{"id":25,"date":"2017-09-06T17:16:25","date_gmt":"2017-09-06T15:16:25","guid":{"rendered":"http:\/\/concept-345.fr\/?page_id=25"},"modified":"2018-01-12T15:25:04","modified_gmt":"2018-01-12T14:25:04","slug":"maxitaille","status":"publish","type":"page","link":"https:\/\/concept-345.fr\/index.php\/maxitaille\/","title":{"rendered":"MAXI\u2019TAILLE"},"content":{"rendered":"<p align=\"CENTER\"><span style=\"color: #ffffff;\"><b>Le centre d\u2019usinage 5 axes alliant productivit\u00e9 et performance<\/b><\/span><\/p>\n<p align=\"CENTER\"><img decoding=\"async\" loading=\"lazy\" class=\"alignnone wp-image-550\" src=\"https:\/\/concept-345.fr\/wp-content\/uploads\/2017\/09\/IMG_1334-e1504866144542-300x110.jpg\" alt=\"\" width=\"685\" height=\"251\" srcset=\"https:\/\/concept-345.fr\/wp-content\/uploads\/2017\/09\/IMG_1334-e1504866144542-300x110.jpg 300w, https:\/\/concept-345.fr\/wp-content\/uploads\/2017\/09\/IMG_1334-e1504866144542-768x282.jpg 768w, https:\/\/concept-345.fr\/wp-content\/uploads\/2017\/09\/IMG_1334-e1504866144542-1024x376.jpg 1024w\" sizes=\"(max-width: 685px) 100vw, 685px\" \/><\/p>\n<p align=\"CENTER\"><img decoding=\"async\" loading=\"lazy\" class=\"alignnone size-medium wp-image-39\" src=\"https:\/\/concept-345.fr\/wp-content\/uploads\/2017\/09\/maxitaille-300x22.png\" alt=\"\" width=\"300\" height=\"22\" srcset=\"https:\/\/concept-345.fr\/wp-content\/uploads\/2017\/09\/maxitaille-300x22.png 300w, https:\/\/concept-345.fr\/wp-content\/uploads\/2017\/09\/maxitaille-230x17.png 230w, https:\/\/concept-345.fr\/wp-content\/uploads\/2017\/09\/maxitaille-350x26.png 350w, https:\/\/concept-345.fr\/wp-content\/uploads\/2017\/09\/maxitaille-480x36.png 480w, https:\/\/concept-345.fr\/wp-content\/uploads\/2017\/09\/maxitaille.png 500w\" sizes=\"(max-width: 300px) 100vw, 300px\" \/><\/p>\n<p><span style=\"color: #ffffff;\">Une machine polyvalente, simple d\u2019utilisation et compacte offrant une grande flexibilit\u00e9.<\/span><\/p>\n<p><span style=\"color: #ffffff;\">Polyvalence d\u2019usinage \/ Grande productivit\u00e9 \/ Enti\u00e8rement modulaire<\/span><\/p>\n<p><span style=\"color: #ffffff;\">Avec ses diff\u00e9rentes innovations et ses blocs modulaire, le centre d\u2019usinage MAXI\u2019TAILLE associe polyvalence, flexibilit\u00e9 et grande productivit\u00e9.<\/span><\/p>\n<p><span style=\"color: #ffffff;\">C\u2019est une machine enti\u00e8rement modulaire qui s\u2019adapte, selon les diff\u00e9rents modules\u00a0choisis, \u00e0 chaque besoin et \u00e0 chaque souhait du client (co\u00fbt, encombrement, cadence de production, usinage sp\u00e9cifique ou besoin particulier, \u2026)<\/span><\/p>\n<p align=\"CENTER\"><span style=\"font-size: medium; color: #ffffff;\"><u>Agr\u00e9gat broche 5 axes<\/u><\/span><\/p>\n<p><span style=\"color: #ffffff;\">Son syst\u00e8me brevet\u00e9 5 axes permet \u00e0 la broche \u00e0 changement d\u2019outils automatique, la r\u00e9alisation d\u2019une multitude d\u2019usinage avec un seul agr\u00e9gat, sur toutes les faces du bois.<\/span><\/p>\n<p align=\"CENTER\"><span style=\"font-size: medium; color: #ffffff;\"><u>Agr\u00e9gat scie<\/u><\/span><\/p>\n<p><span style=\"color: #ffffff;\">Scie sous table pour une coupe de pr\u00e9cision avec orientation de 0\u00b0 \u00e0 360\u00b0 et une inclinaison de 30\u00b0 \u00e0 150\u00b0<\/span><\/p>\n<p align=\"CENTER\"><span style=\"font-size: medium; color: #ffffff;\"><u>Magasin d\u2019outils automatique<\/u><\/span><\/p>\n<p><span style=\"color: #ffffff;\">Associ\u00e9 \u00e0 son magasin d\u2019outils, la broche change automatiquement d\u2019outil selon l\u2019usinage \u00e0 r\u00e9aliser.<\/span><\/p>\n<blockquote>\n<p align=\"CENTER\"><span style=\"color: #ffffff;\"><i>\u00ab Le magasin d\u2019outil offre la possibilit\u00e9 de s\u2019adapter\u00a0<\/i><i>aux diff\u00e9rents besoins selon la production de chacun\u00a0\u00bb<\/i><\/span><\/p>\n<\/blockquote>\n<p align=\"CENTER\"><span style=\"font-size: medium; color: #ffffff;\"><u>D\u00e9placement des bois<\/u><\/span><\/p>\n<p><span style=\"color: #ffffff;\">Les deux pinces permettent un d\u00e9placement plus rapide et un maintien pr\u00e9cis des bois.<\/span><\/p>\n<p><span style=\"color: #ffffff;\">Les 4 presseurs, inclus dans les deux pinces, permettent de mettre pr\u00e9cis\u00e9ment en r\u00e9f\u00e9rence les bois avant usinages<\/span><\/p>\n<p><span style=\"font-size: medium; color: #ffffff;\"><b>CAPACIT\u00c9S<\/b><\/span><\/p>\n<p><span style=\"color: #ffffff;\">Section minimale\u00a0: 25 x 25 mm<\/span><\/p>\n<p><span style=\"color: #ffffff;\">Section maximale (4 faces) : 250 x 350 mm<\/span><\/p>\n<p><span style=\"color: #ffffff;\">Section maximale (6 faces) : 250 x 600 mm<\/span><\/p>\n<p><span style=\"color: #ffffff;\">Longueur de bois\u00a0: 600 mm \u00e0 illimit\u00e9<\/span><\/p>\n","protected":false},"excerpt":{"rendered":"<p>Le centre d\u2019usinage 5 axes alliant productivit\u00e9 et performance Une machine polyvalente, simple d\u2019utilisation et compacte offrant une grande flexibilit\u00e9. Polyvalence d\u2019usinage \/ Grande productivit\u00e9 \/ Enti\u00e8rement modulaire Avec ses diff\u00e9rentes innovations et ses blocs modulaire, le centre d\u2019usinage MAXI\u2019TAILLE associe polyvalence, flexibilit\u00e9 et grande productivit\u00e9. C\u2019est une machine enti\u00e8rement modulaire qui s\u2019adapte, selon les<span class=\"read-more-wrap\"><a class=\"moretag\" href=\"https:\/\/concept-345.fr\/index.php\/maxitaille\/\">Lire la suite<span class=\"screen-reader-text\">MAXI\u2019TAILLE<\/span><\/a><\/span><\/p>\n","protected":false},"author":1,"featured_media":0,"parent":0,"menu_order":0,"comment_status":"closed","ping_status":"closed","template":"","meta":{"_mi_skip_tracking":false},"simple-restrict-permission":[],"yoast_head":"<!-- This site is optimized with the Yoast SEO plugin v19.14 - https:\/\/yoast.com\/wordpress\/plugins\/seo\/ -->\n<title>MAXI\u2019TAILLE - CONCEPT345<\/title>\n<meta name=\"robots\" content=\"index, follow, max-snippet:-1, max-image-preview:large, max-video-preview:-1\" \/>\n<link rel=\"canonical\" href=\"https:\/\/concept-345.fr\/index.php\/maxitaille\/\" \/>\n<meta property=\"og:locale\" content=\"fr_FR\" \/>\n<meta property=\"og:type\" content=\"article\" \/>\n<meta property=\"og:title\" content=\"MAXI\u2019TAILLE - CONCEPT345\" \/>\n<meta property=\"og:description\" content=\"Le centre d\u2019usinage 5 axes alliant productivit\u00e9 et performance Une machine polyvalente, simple d\u2019utilisation et compacte offrant une grande flexibilit\u00e9. Polyvalence d\u2019usinage \/ Grande productivit\u00e9 \/ Enti\u00e8rement modulaire Avec ses diff\u00e9rentes innovations et ses blocs modulaire, le centre d\u2019usinage MAXI\u2019TAILLE associe polyvalence, flexibilit\u00e9 et grande productivit\u00e9. C\u2019est une machine enti\u00e8rement modulaire qui s\u2019adapte, selon lesLire la suiteMAXI\u2019TAILLE\" \/>\n<meta property=\"og:url\" content=\"https:\/\/concept-345.fr\/index.php\/maxitaille\/\" \/>\n<meta property=\"og:site_name\" content=\"CONCEPT345\" \/>\n<meta property=\"article:modified_time\" content=\"2018-01-12T14:25:04+00:00\" \/>\n<meta property=\"og:image\" content=\"http:\/\/concept-345.fr\/wp-content\/uploads\/2017\/09\/IMG_1334-e1504866144542-300x110.jpg\" \/>\n<meta name=\"twitter:card\" content=\"summary_large_image\" \/>\n<meta name=\"twitter:label1\" content=\"Dur\u00e9e de lecture estim\u00e9e\" \/>\n\t<meta name=\"twitter:data1\" content=\"1 minute\" \/>\n<script type=\"application\/ld+json\" class=\"yoast-schema-graph\">{\"@context\":\"https:\/\/schema.org\",\"@graph\":[{\"@type\":\"WebPage\",\"@id\":\"https:\/\/concept-345.fr\/index.php\/maxitaille\/\",\"url\":\"https:\/\/concept-345.fr\/index.php\/maxitaille\/\",\"name\":\"MAXI\u2019TAILLE - CONCEPT345\",\"isPartOf\":{\"@id\":\"https:\/\/concept-345.fr\/#website\"},\"datePublished\":\"2017-09-06T15:16:25+00:00\",\"dateModified\":\"2018-01-12T14:25:04+00:00\",\"breadcrumb\":{\"@id\":\"https:\/\/concept-345.fr\/index.php\/maxitaille\/#breadcrumb\"},\"inLanguage\":\"fr-FR\",\"potentialAction\":[{\"@type\":\"ReadAction\",\"target\":[\"https:\/\/concept-345.fr\/index.php\/maxitaille\/\"]}]},{\"@type\":\"BreadcrumbList\",\"@id\":\"https:\/\/concept-345.fr\/index.php\/maxitaille\/#breadcrumb\",\"itemListElement\":[{\"@type\":\"ListItem\",\"position\":1,\"name\":\"Accueil\",\"item\":\"https:\/\/concept-345.fr\/\"},{\"@type\":\"ListItem\",\"position\":2,\"name\":\"MAXI\u2019TAILLE\"}]},{\"@type\":\"WebSite\",\"@id\":\"https:\/\/concept-345.fr\/#website\",\"url\":\"https:\/\/concept-345.fr\/\",\"name\":\"CONCEPT345\",\"description\":\"FABRICANT FRAN\u00c7AIS DE CENTRE D&#039;USINAGE DE CHARPENTE BOIS\",\"potentialAction\":[{\"@type\":\"SearchAction\",\"target\":{\"@type\":\"EntryPoint\",\"urlTemplate\":\"https:\/\/concept-345.fr\/?s={search_term_string}\"},\"query-input\":\"required name=search_term_string\"}],\"inLanguage\":\"fr-FR\"}]}<\/script>\n<!-- \/ Yoast SEO plugin. -->","yoast_head_json":{"title":"MAXI\u2019TAILLE - CONCEPT345","robots":{"index":"index","follow":"follow","max-snippet":"max-snippet:-1","max-image-preview":"max-image-preview:large","max-video-preview":"max-video-preview:-1"},"canonical":"https:\/\/concept-345.fr\/index.php\/maxitaille\/","og_locale":"fr_FR","og_type":"article","og_title":"MAXI\u2019TAILLE - CONCEPT345","og_description":"Le centre d\u2019usinage 5 axes alliant productivit\u00e9 et performance Une machine polyvalente, simple d\u2019utilisation et compacte offrant une grande flexibilit\u00e9. Polyvalence d\u2019usinage \/ Grande productivit\u00e9 \/ Enti\u00e8rement modulaire Avec ses diff\u00e9rentes innovations et ses blocs modulaire, le centre d\u2019usinage MAXI\u2019TAILLE associe polyvalence, flexibilit\u00e9 et grande productivit\u00e9. C\u2019est une machine enti\u00e8rement modulaire qui s\u2019adapte, selon lesLire la suiteMAXI\u2019TAILLE","og_url":"https:\/\/concept-345.fr\/index.php\/maxitaille\/","og_site_name":"CONCEPT345","article_modified_time":"2018-01-12T14:25:04+00:00","og_image":[{"url":"http:\/\/concept-345.fr\/wp-content\/uploads\/2017\/09\/IMG_1334-e1504866144542-300x110.jpg"}],"twitter_card":"summary_large_image","twitter_misc":{"Dur\u00e9e de lecture estim\u00e9e":"1 minute"},"schema":{"@context":"https:\/\/schema.org","@graph":[{"@type":"WebPage","@id":"https:\/\/concept-345.fr\/index.php\/maxitaille\/","url":"https:\/\/concept-345.fr\/index.php\/maxitaille\/","name":"MAXI\u2019TAILLE - CONCEPT345","isPartOf":{"@id":"https:\/\/concept-345.fr\/#website"},"datePublished":"2017-09-06T15:16:25+00:00","dateModified":"2018-01-12T14:25:04+00:00","breadcrumb":{"@id":"https:\/\/concept-345.fr\/index.php\/maxitaille\/#breadcrumb"},"inLanguage":"fr-FR","potentialAction":[{"@type":"ReadAction","target":["https:\/\/concept-345.fr\/index.php\/maxitaille\/"]}]},{"@type":"BreadcrumbList","@id":"https:\/\/concept-345.fr\/index.php\/maxitaille\/#breadcrumb","itemListElement":[{"@type":"ListItem","position":1,"name":"Accueil","item":"https:\/\/concept-345.fr\/"},{"@type":"ListItem","position":2,"name":"MAXI\u2019TAILLE"}]},{"@type":"WebSite","@id":"https:\/\/concept-345.fr\/#website","url":"https:\/\/concept-345.fr\/","name":"CONCEPT345","description":"FABRICANT FRAN\u00c7AIS DE CENTRE D&#039;USINAGE DE CHARPENTE BOIS","potentialAction":[{"@type":"SearchAction","target":{"@type":"EntryPoint","urlTemplate":"https:\/\/concept-345.fr\/?s={search_term_string}"},"query-input":"required name=search_term_string"}],"inLanguage":"fr-FR"}]}},"_links":{"self":[{"href":"https:\/\/concept-345.fr\/index.php\/wp-json\/wp\/v2\/pages\/25"}],"collection":[{"href":"https:\/\/concept-345.fr\/index.php\/wp-json\/wp\/v2\/pages"}],"about":[{"href":"https:\/\/concept-345.fr\/index.php\/wp-json\/wp\/v2\/types\/page"}],"author":[{"embeddable":true,"href":"https:\/\/concept-345.fr\/index.php\/wp-json\/wp\/v2\/users\/1"}],"replies":[{"embeddable":true,"href":"https:\/\/concept-345.fr\/index.php\/wp-json\/wp\/v2\/comments?post=25"}],"version-history":[{"count":8,"href":"https:\/\/concept-345.fr\/index.php\/wp-json\/wp\/v2\/pages\/25\/revisions"}],"predecessor-version":[{"id":784,"href":"https:\/\/concept-345.fr\/index.php\/wp-json\/wp\/v2\/pages\/25\/revisions\/784"}],"wp:attachment":[{"href":"https:\/\/concept-345.fr\/index.php\/wp-json\/wp\/v2\/media?parent=25"}],"wp:term":[{"taxonomy":"simple-restrict-permission","embeddable":true,"href":"https:\/\/concept-345.fr\/index.php\/wp-json\/wp\/v2\/simple-restrict-permission?post=25"}],"curies":[{"name":"wp","href":"https:\/\/api.w.org\/{rel}","templated":true}]}}